81
List the prime factors of 14962356/1673 - (1 - 33/21).
2, 13, 43
Let o(l) = 289*l**2 - 9*l + 14. What are the prime factors of o(7)?
2, 3, 7
Let b be 10/(-6) + 45/27. Suppose 30*l + 7416 - 30126 = b. List the prime factors of l.
757
Let w be -8 + -3 + -2 + 9. Let q(c) = 3*c + 1. Let j be q(w). Let f(n) = n**2 + 7*n - 27. List the prime factors of f(j).
17
Let h(u) = u**2 + 32*u + 90. Let j be h(-28). Let q(x) = -12*x - 137. What are the prime factors of q(j)?
127
Suppose -4*k + 127194 = 2*b - 0*k, 6 = 3*k. List the prime factors of b.
19, 3347
Suppose -4*k = -5*k + 7. Let t be 0/((1/(-2))/(k/(-14))). Suppose t = -0*m + 3*m - 165. What are the prime factors of m?
5, 11
Let x(h) = 2*h**3 - 10*h**2 - 133*h + 295. What are the prime factors of x(23)?
2, 5, 11, 37
Suppose -2*o = 4*b - 4*o - 8650, -4*b = -o - 8647. Suppose b*m = 2166*m - 8025. List the prime factors of m.
3, 5, 107
Let b = -570 + 1800. Suppose o = -3*a + 1226, -4*o + b = 4*a - 418. What are the prime factors of a?
11, 37
Let k be 223 + (-4 + 0/1)/(-2). Let l = -69 + -89. Let i = l + k. What are the prime factors of i?
67
Let k(j) = 9*j**2 + 14 + 2*j - j - 11. Let u be k(-2). Suppose 5*y - 165 = -6*r + r, y + 5*r - u = 0. List the prime factors of y.
2
Let z = -7 + 71. List the prime factors of (-4458)/(-8) - z/256.
557
Let b = -3 + 4. Let u(p) = 3*p**3 - 9*p**2 - 34*p - 6. Let q be u(6). What are the prime factors of (q/(-24))/(b/(-4))?
19
Suppose -8*s = -3643 - 3285. Let b = s - 604. List the prime factors of b.
2, 131
Suppose -u + 4*p + 40 = 7*p, p = 5*u - 152. Suppose -u*z + 33270 = 3820. List the prime factors of z.
2, 5, 19
Let f(z) = 2*z**3 + 3*z**2 - 16*z + 26. Let b(v) = -v**3 + 3*v**2. Let j(h) = -3*b(h) + f(h). List the prime factors of j(6).
2, 397
Suppose 15*b = 4*b + 22. Suppose 0 = 4*y + 12, -y + 679 = -4*s + b*y. List the prime factors of s*(1/(-5))/((-30)/(-75)).
2, 43
Suppose -5*a + 3*a - 1982 = -4*g, 2455 = 5*g + 5*a. Let y = g - -350. List the prime factors of y.
2, 211
Suppose -3714 = -5*m + 3*p, -4*p + 632 = 3*m - 1579. Let i = m + -462. List the prime factors of i.
3, 31
Let k = -662 - -43. Let o = 1742 + k. List the prime factors of o.
1123
Let r = -32 - -176. Let o be (r/10)/((-6)/(-20)). List the prime factors of 6/(-27) + o/(-27) + 65.
3, 7
Let v = 498 - 504. Let c(q) be the second derivative of -10*q**3/3 - 8*q**2 + q. What are the prime factors of c(v)?
2, 13
Suppose -22 + 7 = -3*p, -3*i - 135 = 3*p. Suppose 0 = -3*d - 2*k + 293, -10*d + 2*k - 392 = -14*d. Let m = d + i. What are the prime factors of m?
7
Let g = 28918 + 601. What are the prime factors of g?
7, 4217
Let p be ((-3172)/(-8) - 4)*2. Let h = -118 + p. What are the prime factors of h/4 + 10/40?
167
Let k(w) = -w**3 + 10*w**2 - 46*w - 553. List the prime factors of k(-34).
5, 83
Let z be (3 - -5)/(-3*6/(-9)). Suppose 3 = -z*p - 1. Let o(g) = 32*g**2 - 2*g - 1. What are the prime factors of o(p)?
3, 11
Suppose -18 + 3 = 5*z - 2*n, -4*n = z + 25. What are the prime factors of 84/(-15)*(z/2 - 5)?
2, 3, 7
Let v = -7541 - -9561. What are the prime factors of v?
2, 5, 101
Let c(b) = 12*b + 5. Let z(i) = -18*i - 7. Let m(t) = 8*c(t) + 5*z(t). Let a be m(4). Let r = a - -73. List the prime factors of r.
2, 3, 17
Let b(k) = k**3 + 5*k**2 + 8*k + 36. Let n be b(-10). What are the prime factors of 33*(n/(-6))/4?
2, 11, 17
Suppose -f - 2*d + 4 = 0, -3 = -d - 8. Let p(o) = 4*o + 42. List the prime factors of p(f).
2, 7
Suppose 3*r - 19 = 4*a - 0*a, -r - 4*a - 15 = 0. Let d(z) = 269*z**2 - z + 1. List the prime factors of d(r).
269
Let o(c) = -1063*c - 781. List the prime factors of o(-7).
2, 3, 5, 37
Suppose 0 = 5*r + 2*y + 5, -4*r = r - y - 10. Let k be 5*(r - 2) + -2. Let a(j) = j**3 + 6*j**2 - 19*j - 7. What are the prime factors of a(k)?
7, 11
Suppose 2*p - 2*q + 882 = 0, 1326 = -3*p - 2*q + 4*q. Let s = -74 - p. What are the prime factors of s?
2, 5, 37
Let w = 808 - 429. Let p = 715 + w. What are the prime factors of p?
2, 547
Let a = 2546 - -820. List the prime factors of a.
2, 3, 11, 17
Let p = 689 - 982. Let d = -153 - p. Let a = -34 + d. What are the prime factors of a?
2, 53
What are the prime factors of (-1559701)/(-22) + -7 - (-1)/(-2)?
2, 8861
Let h(a) = a**3 - 11*a**2 - 14*a + 27. Let w be h(12). Let t(z) = 2*z**2 + 23*z**3 - 11*z**3 + 22*z**3 + 2*z - w*z. What are the prime factors of t(1)?
5, 7
Let c = 201 - 531. Let i = c + 762. Suppose 24 = 3*v - i. List the prime factors of v.
2, 19
Let w(s) = s**3 + 12*s**2 + 10*s - 5. Let r be w(-10). Let a be 7*15/280 - (-550)/(-16). Let y = a + r. What are the prime factors of y?
61
Suppose 3*x - 27*n - 55152 = -24*n, 0 = -4*x + 5*n + 73532. List the prime factors of x.
2, 4597
Let d = -817 - -821. Suppose 5243 = 3*s + d*a, 4*s - a - 6949 = 2*a. List the prime factors of s.
1741
Suppose -4*n = -2*n - 2. Let h be 9/(-3) - (0 + (n - 18)). What are the prime factors of -8*((-25)/h - 8/(-28))?
2, 3
Suppose 200 = 2*g + 3*y, g = 3*y - 0*y + 109. Let t = 91 - g. What are the prime factors of -4 - ((-545)/4 + (-3)/t)?
2, 3, 11
Let w(u) be the third derivative of 53*u**4/24 + 125*u**3/6 + u**2 - 1. List the prime factors of w(25).
2, 5, 29
Suppose 135 - 135 = o. Suppose -5*t - 5*k + 3059 = 609, 4*t - 3*k - 1981 = o. List the prime factors of t.
17, 29
Let v(y) = -58*y**2 - 59*y - 23. Let t be v(-15). What are the prime factors of (t/33)/(((-16)/6)/4)?
2, 277
Suppose 9*w - 95318 - 74869 = -5865. What are the prime factors of w?
2, 3, 17, 179
List the prime factors of ((-4)/10)/(56/(-348320)).
2, 311
Let k = -316 - -319. Suppose -k*v = -x - 3946, 22*x - 6576 = -5*v + 23*x. List the prime factors of v.
5, 263
Let r be 31 + (-36)/48*16/(-6). Let k = r + -10. Let x(s) = 2*s**2 - 37*s + 58. List the prime factors of x(k).
5, 53
Let v(h) = -h**3 + 20*h**2 + 3*h - 44. Let g be v(20). Suppose 19*j - g*j - 1188 = 0. What are the prime factors of j?
2, 3, 11
Suppose 2*j - 167 = 4*w + 219, -4*w - 3*j = 411. Let q = -97 - w. Suppose 0 = 2*p + q*t - 366, 5*p + 3*t = -t + 913. What are the prime factors of p?
181
Let k = -13056 - -15463. What are the prime factors of k?
29, 83
Let n(k) = k**3 + k**2 - 6*k. Let b be n(-3). Suppose -4*q + 13 - 5 = 0, b = -3*j - 5*q + 1672. List the prime factors of j.
2, 277
Suppose -o - 124030 = -5*m, -41*o = 5*m - 37*o - 124005. List the prime factors of m.
5, 11, 41
Let q = -89 - -83. Let f(c) = -76*c + 18. Let u be f(q). Suppose 25*k = 19*k + u. What are the prime factors of k?
79
Suppose 3 = -2*m + 5, 3*m = -4*f + 63. List the prime factors of -1 + 99 + 3/(f/(-10)).
2, 3
Suppose -2*s = -x + 16081, 0 = -4*x - 4*s + 46859 + 17417. List the prime factors of x.
16073
Let v = 451 + -281. Let l = v - 148. Suppose -l = -x + 62. List the prime factors of x.
2, 3, 7
Let k(c) = -8*c + 26. Suppose 5*m - 2*a + 42 = 0, -14*a + 56 = -4*m - 18*a. What are the prime factors of k(m)?
2, 53
Suppose -5*o + 6*o = 5. Suppose 16 = o*i - i. Suppose 0 = i*x + 3*r - 2*r - 620, 5*x - r - 766 = 0. List the prime factors of x.
2, 7, 11
Suppose 4*a - 5 = 7. Let l = 2 - 41. Let c = a - l. List the prime factors of c.
2, 3, 7
Let r(a) = a + 11. Suppose 1 = -o + x - 2, -3*x = 3*o + 33. Let t be r(o). List the prime factors of 11/t*144/6.
2, 3, 11
Let s be ((-3 - -3)/9)/((-2)/(-1)). Suppose -1531 = -3*y - 2*l, 4*l + s*l - 497 = -y. List the prime factors of y.
3, 19
Let o(n) = 3*n**2 - 78597. Let u be o(0). What are the prime factors of (2/(-19) - u/(-57))*-1?
7, 197
Let s be 33/7 - 50/(-175). Suppose -c = 3*g + 11, s*g - 2 = -2*c - 22. List the prime factors of (-408)/(-5) - g/5.
2, 41
Suppose 11*j = j - 9310. List the prime factors of (-2)/(-8) + j/(-4).
233
Let j(w) = w**3 + 14*w**2 - 20*w - 15. Let h be j(-15). Let u = 93 - h. Let m = u + 21. What are the prime factors of m?
2, 3
Let l = 27317 + -17848. List the prime factors of l.
17, 557
Let y(p) = 794*p + 5423. List the prime factors of y(38).
3, 5, 7, 113
Let p(k) = 39*k**2 + 14*k + 31. List the prime factors of p(-9).
2, 383
Let r be 3/(-6)*(2 + -8 - -6). Suppose 4*c - f + 6*f - 684 = r, -2*c - 2*f = -340. What are the prime factors of c?
2, 83
Let f(v) = -586*v**3 - 7*v**2 + 214*v + 653. What are the prime factors of f(-3)?
2, 5, 19, 83
Let z be (-1766)/26 - 4/52. List the prime factors of 2*z/(-10) - 